{"id":3,"date":"2020-09-07T03:46:20","date_gmt":"2020-09-07T07:46:20","guid":{"rendered":"https:\/\/reservxpert.com\/hebergement\/?page_id=3"},"modified":"2021-07-11T15:42:29","modified_gmt":"2021-07-11T19:42:29","slug":"politique-confidentialite","status":"publish","type":"page","link":"https:\/\/reservxpert.com\/hebergement\/politique-confidentialite\/","title":{"rendered":"Politique de confidentialit\u00e9"},"content":{"rendered":"<p>[et_pb_section fb_built=\u00a0\u00bb1&Prime; _builder_version=\u00a0\u00bb3.22&Prime;][et_pb_row _builder_version=\u00a0\u00bb3.25&Prime; background_size=\u00a0\u00bbinitial\u00a0\u00bb background_position=\u00a0\u00bbtop_left\u00a0\u00bb background_repeat=\u00a0\u00bbrepeat\u00a0\u00bb][et_pb_column type=\u00a0\u00bb4_4&Prime; _builder_version=\u00a0\u00bb3.25&Prime; custom_padding=\u00a0\u00bb|||\u00a0\u00bb custom_padding__hover=\u00a0\u00bb|||\u00a0\u00bb][et_pb_text admin_label=\u00a0\u00bbTexte &#8211; Politique de Confidentialit\u00e9\u00a0\u00bb _builder_version=\u00a0\u00bb4.9.7&Prime; background_size=\u00a0\u00bbinitial\u00a0\u00bb background_position=\u00a0\u00bbtop_left\u00a0\u00bb background_repeat=\u00a0\u00bbrepeat\u00a0\u00bb hover_enabled=\u00a0\u00bb0&Prime; sticky_enabled=\u00a0\u00bb0&Prime; header_2_text_color=\u00a0\u00bb#000000&Prime;]<\/p>\n<h2>Politique de Confidentialit\u00e9<\/h2>\n<h4><\/h4>\n<p>\u00c0 propos de notre Politique de Confidentialit\u00e9<\/p>\n<p>ReservXpert reconna\u00eet l\u2019importance de prot\u00e9ger votre vie priv\u00e9e et vos informations personnelles. C\u2019est pourquoi ReservXpert a cr\u00e9\u00e9 cette d\u00e9claration de confidentialit\u00e9 afin de d\u00e9montrer son engagement ferme en ce qui a trait \u00e0 la confidentialit\u00e9 des renseignements personnels fournis par ceux qui visitent, interagissent et utilisent nos services.<\/p>\n<p>ReservXpert respecte votre confidentialit\u00e9 et s\u2019engage \u00e0 ne pas utiliser ni communiquer vos renseignements personnels quels qu\u2019ils soient et \u00e0 qui que ce soit conform\u00e9ment \u00e0 la pr\u00e9sente politique de protection de l\u2019information et la confidentialit\u00e9 et aux standards internationaux dans la collecte et la protection de donn\u00e9es.<\/p>\n<p>Cette politique sera \u00e9valu\u00e9e en permanence et selon les nouvelles technologies, les pratiques commerciales et les besoins de nos clients.<\/p>\n<p>De plus, en tout temps, si vous ne d\u00e9sirez plus recevoir d\u2019informations de notre part, de quelque fa\u00e7on que ce soit, veuillez nous en informer en nous envoyant un courriel \u00e0 contact@optimisationsiteweb.ca en \u00e9crivant \u201cD\u00e9sabonnement\u201d dans le sujet du message OU utilisez simplement le lien \u201cSe d\u00e9sinscrire\u201d qui se trouve \u00e0 la fin de notre infolettre.<\/p>\n<p>Prenez \u00e9galement note que<\/p>\n<ul>\n<li>Avant ou au moment de la collecte des informations personnelles, nous identifierons les finalit\u00e9s pour lesquelles les informations sont collect\u00e9es.<\/li>\n<li>Nous recueillerons et utiliserons des informations personnelles uniquement dans le but d\u2019atteindre les objectifs sp\u00e9cifi\u00e9s par nous et \u00e0 d\u2019autres fins compatibles, sauf si nous obtenons le consentement de l\u2019individu concern\u00e9 ou tel que requis par la loi.<\/li>\n<li>Nous ne conserverons les informations personnelles que le temps n\u00e9cessaire \u00e0 la r\u00e9alisation de ces objectifs.<\/li>\n<li>Nous recueillerons des informations personnelles par des moyens l\u00e9gaux et \u00e9quitables et, le cas \u00e9ch\u00e9ant, avec la connaissance ou le consentement de la personne concern\u00e9e.<\/li>\n<li>Les donn\u00e9es personnelles doivent \u00eatre pertinentes aux fins pour lesquelles elles doivent \u00eatre utilis\u00e9es et, dans la mesure n\u00e9cessaire \u00e0 ces fins, doivent \u00eatre exactes, compl\u00e8tes et \u00e0 jour.<\/li>\n<li>Nous prot\u00e9gerons les renseignements personnels par des mesures de s\u00e9curit\u00e9 raisonnables contre la perte ou le vol, ainsi que l\u2019acc\u00e8s non autoris\u00e9, la divulgation, la copie, l\u2019utilisation ou la modification.<\/li>\n<li>Nous mettrons \u00e0 la disposition des clients des informations sur nos politiques et pratiques relatives \u00e0 la gestion des informations personnelles.<\/li>\n<\/ul>\n<p>&nbsp;<\/p>\n<p>Nous nous engageons \u00e0 mener nos activit\u00e9s conform\u00e9ment \u00e0 ces principes afin de garantir que la confidentialit\u00e9 des renseignements personnels est prot\u00e9g\u00e9e et maintenue.<\/p>\n<p><strong>\u00c9quipe de direction<br \/>ReservXpert<\/strong><br \/><span style=\"color: #3366ff;\"><a style=\"color: #3366ff;\" href=\"mailto:info@oswseo.ca\">support@reservxpert.ca<\/a><\/span><\/p>\n<p>[\/et_pb_text][\/et_pb_column][\/et_pb_row][\/et_pb_section]<\/p>\n","protected":false},"excerpt":{"rendered":"<p>Politique de Confidentialit\u00e9 \u00c0 propos de notre Politique de Confidentialit\u00e9 ReservXpert reconna\u00eet l\u2019importance de prot\u00e9ger votre vie priv\u00e9e et vos informations personnelles. C\u2019est pourquoi ReservXpert a cr\u00e9\u00e9 cette d\u00e9claration de confidentialit\u00e9 afin de d\u00e9montrer son engagement ferme en ce qui a trait \u00e0 la confidentialit\u00e9 des renseignements personnels fournis par ceux qui visitent, interagissent et [&hellip;]<\/p>\n","protected":false},"author":3,"featured_media":0,"parent":0,"menu_order":0,"comment_status":"closed","ping_status":"closed","template":"","meta":{"_et_pb_use_builder":"on","_et_pb_old_content":"<!-- wp:heading -->\r\n<h2>Who we are<\/h2>\r\n<!-- \/wp:heading -->\r\n\r\n<!-- wp:paragraph -->\r\n<p>Our website address is: https:\/\/reservxpert.com\/hebergement.<\/p>\r\n<!-- \/wp:paragraph -->\r\n\r\n<!-- wp:heading -->\r\n<h2>What personal data we collect and why we collect it<\/h2>\r\n<!-- \/wp:heading -->\r\n\r\n<!-- wp:heading {\"level\":3} -->\r\n<h3>Comments<\/h3>\r\n<!-- \/wp:heading -->\r\n\r\n<!-- wp:paragraph -->\r\n<p>When visitors leave comments on the site we collect the data shown in the comments form, and also the visitor\u2019s IP address and browser user agent string to help spam detection.<\/p>\r\n<!-- \/wp:paragraph -->\r\n\r\n<!-- wp:paragraph -->\r\n<p>An anonymized string created from your email address (also called a hash) may be provided to the Gravatar service to see if you are using it. The Gravatar service privacy policy is available here: https:\/\/automattic.com\/privacy\/. After approval of your comment, your profile picture is visible to the public in the context of your comment.<\/p>\r\n<!-- \/wp:paragraph -->\r\n\r\n<!-- wp:heading {\"level\":3} -->\r\n<h3>Media<\/h3>\r\n<!-- \/wp:heading -->\r\n\r\n<!-- wp:paragraph -->\r\n<p>If you upload images to the website, you should avoid uploading images with embedded location data (EXIF GPS) included. Visitors to the website can download and extract any location data from images on the website.<\/p>\r\n<!-- \/wp:paragraph -->\r\n\r\n<!-- wp:heading {\"level\":3} -->\r\n<h3>Contact forms<\/h3>\r\n<!-- \/wp:heading -->\r\n\r\n<!-- wp:heading {\"level\":3} -->\r\n<h3>Cookies<\/h3>\r\n<!-- \/wp:heading -->\r\n\r\n<!-- wp:paragraph -->\r\n<p>If you leave a comment on our site you may opt-in to saving your name, email address and website in cookies. These are for your convenience so that you do not have to fill in your details again when you leave another comment. These cookies will last for one year.<\/p>\r\n<!-- \/wp:paragraph -->\r\n\r\n<!-- wp:paragraph -->\r\n<p>If you visit our login page, we will set a temporary cookie to determine if your browser accepts cookies. This cookie contains no personal data and is discarded when you close your browser.<\/p>\r\n<!-- \/wp:paragraph -->\r\n\r\n<!-- wp:paragraph -->\r\n<p>When you log in, we will also set up several cookies to save your login information and your screen display choices. Login cookies last for two days, and screen options cookies last for a year. If you select \"Remember Me\", your login will persist for two weeks. If you log out of your account, the login cookies will be removed.<\/p>\r\n<!-- \/wp:paragraph -->\r\n\r\n<!-- wp:paragraph -->\r\n<p>If you edit or publish an article, an additional cookie will be saved in your browser. This cookie includes no personal data and simply indicates the post ID of the article you just edited. It expires after 1 day.<\/p>\r\n<!-- \/wp:paragraph -->\r\n\r\n<!-- wp:heading {\"level\":3} -->\r\n<h3>Embedded content from other websites<\/h3>\r\n<!-- \/wp:heading -->\r\n\r\n<!-- wp:paragraph -->\r\n<p>Articles on this site may include embedded content (e.g. videos, images, articles, etc.). Embedded content from other websites behaves in the exact same way as if the visitor has visited the other website.<\/p>\r\n<!-- \/wp:paragraph -->\r\n\r\n<!-- wp:paragraph -->\r\n<p>These websites may collect data about you, use cookies, embed additional third-party tracking, and monitor your interaction with that embedded content, including tracking your interaction with the embedded content if you have an account and are logged in to that website.<\/p>\r\n<!-- \/wp:paragraph -->\r\n\r\n<!-- wp:heading {\"level\":3} -->\r\n<h3>Analytics<\/h3>\r\n<!-- \/wp:heading -->\r\n\r\n<!-- wp:heading -->\r\n<h2>Who we share your data with<\/h2>\r\n<!-- \/wp:heading -->\r\n\r\n<!-- wp:heading -->\r\n<h2>How long we retain your data<\/h2>\r\n<!-- \/wp:heading -->\r\n\r\n<!-- wp:paragraph -->\r\n<p>If you leave a comment, the comment and its metadata are retained indefinitely. This is so we can recognize and approve any follow-up comments automatically instead of holding them in a moderation queue.<\/p>\r\n<!-- \/wp:paragraph -->\r\n\r\n<!-- wp:paragraph -->\r\n<p>For users that register on our website (if any), we also store the personal information they provide in their user profile. All users can see, edit, or delete their personal information at any time (except they cannot change their username). Website administrators can also see and edit that information.<\/p>\r\n<!-- \/wp:paragraph -->\r\n\r\n<!-- wp:heading -->\r\n<h2>What rights you have over your data<\/h2>\r\n<!-- \/wp:heading -->\r\n\r\n<!-- wp:paragraph -->\r\n<p>If you have an account on this site, or have left comments, you can request to receive an exported file of the personal data we hold about you, including any data you have provided to us. You can also request that we erase any personal data we hold about you. This does not include any data we are obliged to keep for administrative, legal, or security purposes.<\/p>\r\n<!-- \/wp:paragraph -->\r\n\r\n<!-- wp:heading -->\r\n<h2>Where we send your data<\/h2>\r\n<!-- \/wp:heading -->\r\n\r\n<!-- wp:paragraph -->\r\n<p>Visitor comments may be checked through an automated spam detection service.<\/p>\r\n<!-- \/wp:paragraph -->\r\n\r\n<!-- wp:heading -->\r\n<h2>Your contact information<\/h2>\r\n<!-- \/wp:heading -->\r\n\r\n<!-- wp:heading -->\r\n<h2>Additional information<\/h2>\r\n<!-- \/wp:heading -->\r\n\r\n<!-- wp:heading {\"level\":3} -->\r\n<h3>How we protect your data<\/h3>\r\n<!-- \/wp:heading -->\r\n\r\n<!-- wp:heading {\"level\":3} -->\r\n<h3>What data breach procedures we have in place<\/h3>\r\n<!-- \/wp:heading -->\r\n\r\n<!-- wp:heading {\"level\":3} -->\r\n<h3>What third parties we receive data from<\/h3>\r\n<!-- \/wp:heading -->\r\n\r\n<!-- wp:heading {\"level\":3} -->\r\n<h3>What automated decision making and\/or profiling we do with user data<\/h3>\r\n<!-- \/wp:heading -->\r\n\r\n<!-- wp:heading {\"level\":3} -->\r\n<h3>Industry regulatory disclosure requirements<\/h3>\r\n<!-- \/wp:heading -->","_et_gb_content_width":"","footnotes":""},"class_list":["post-3","page","type-page","status-publish","hentry"],"_links":{"self":[{"href":"https:\/\/reservxpert.com\/hebergement\/wp-json\/wp\/v2\/pages\/3","targetHints":{"allow":["GET"]}}],"collection":[{"href":"https:\/\/reservxpert.com\/hebergement\/wp-json\/wp\/v2\/pages"}],"about":[{"href":"https:\/\/reservxpert.com\/hebergement\/wp-json\/wp\/v2\/types\/page"}],"author":[{"embeddable":true,"href":"https:\/\/reservxpert.com\/hebergement\/wp-json\/wp\/v2\/users\/3"}],"replies":[{"embeddable":true,"href":"https:\/\/reservxpert.com\/hebergement\/wp-json\/wp\/v2\/comments?post=3"}],"version-history":[{"count":0,"href":"https:\/\/reservxpert.com\/hebergement\/wp-json\/wp\/v2\/pages\/3\/revisions"}],"wp:attachment":[{"href":"https:\/\/reservxpert.com\/hebergement\/wp-json\/wp\/v2\/media?parent=3"}],"curies":[{"name":"wp","href":"https:\/\/api.w.org\/{rel}","templated":true}]}}